{"id":122,"date":"2014-12-22T02:31:39","date_gmt":"2014-12-22T00:31:39","guid":{"rendered":"http:\/\/zde.uharek.com\/luh\/?page_id=122"},"modified":"2018-12-16T00:24:59","modified_gmt":"2018-12-15T22:24:59","slug":"zukunft","status":"publish","type":"page","link":"https:\/\/luh.uharek.com\/?page_id=122","title":{"rendered":"Zukunft"},"content":{"rendered":"<blockquote><p><span class=\"cf1 fs20 ff1\">Lebe ein gutes, ehrbares Leben &#8211;<wbr \/> wenn du \u00e4lter wirst und zur\u00fcckdenkst, wirst du es ein zweites Mal genie\u00dfen k\u00f6nnen.<\/span><\/p>\n<p>(Dalai Lama)<\/p>\n<p>Sind Sie sicher, dass Sie die Erhaltung des Menschengeschlechts, wenn Sie und alle Ihre Bekannten nicht mehr sind, wirklich interessiert?<\/p>\n<p>(Max Frisch)<\/p><\/blockquote>\n","protected":false},"excerpt":{"rendered":"<p>Lebe ein gutes, ehrbares Leben &#8211; wenn du \u00e4lter wirst und zur\u00fcckdenkst, wirst du es ein zweites Mal genie\u00dfen k\u00f6nnen. (Dalai Lama) Sind Sie sicher, dass Sie die Erhaltung des Menschengeschlechts, wenn Sie und alle Ihre Bekannten nicht mehr sind, wirklich interessiert? (Max Frisch)<\/p>\n","protected":false},"author":1,"featured_media":0,"parent":0,"menu_order":0,"comment_status":"closed","ping_status":"closed","template":"","meta":[],"_links":{"self":[{"href":"https:\/\/luh.uharek.com\/index.php?rest_route=\/wp\/v2\/pages\/122"}],"collection":[{"href":"https:\/\/luh.uharek.com\/index.php?rest_route=\/wp\/v2\/pages"}],"about":[{"href":"https:\/\/luh.uharek.com\/index.php?rest_route=\/wp\/v2\/types\/page"}],"author":[{"embeddable":true,"href":"https:\/\/luh.uharek.com\/index.php?rest_route=\/wp\/v2\/users\/1"}],"replies":[{"embeddable":true,"href":"https:\/\/luh.uharek.com\/index.php?rest_route=%2Fwp%2Fv2%2Fcomments&post=122"}],"version-history":[{"count":2,"href":"https:\/\/luh.uharek.com\/index.php?rest_route=\/wp\/v2\/pages\/122\/revisions"}],"predecessor-version":[{"id":297,"href":"https:\/\/luh.uharek.com\/index.php?rest_route=\/wp\/v2\/pages\/122\/revisions\/297"}],"wp:attachment":[{"href":"https:\/\/luh.uharek.com\/index.php?rest_route=%2Fwp%2Fv2%2Fmedia&parent=122"}],"curies":[{"name":"wp","href":"https:\/\/api.w.org\/{rel}","templated":true}]}}